
-6
Let z(p) = 56*p**3 + 8*p**2 - 14*p + 5. Suppose 10*d - 33*d = 115. Let h(i) = 38*i**3 + 5*i**2 - 9*i + 3. Let m(u) = d*z(u) + 8*h(u). Calculate m(-1).
-23
Let k(m) = m - 13. Suppose 2*s - 988 = -17*s. Suppose -z + 19 = -5*y, 4*z = 4*y - 8*y + s. Give k(z).
1
Suppose -14*y = -23*y - 18. Let b be 4 + -1 + y + -1 + 5. Let d(r) = -r**2 + 8*r - 6. Give d(b).
9
Let l(o) = -4*o**3 - 15*o**2 + 4*o + 5. Let v(n) = -25*n**2 - n**3 + 2*n - 3*n + 24*n**2. Let w(c) = -l(c) + 5*v(c). Give w(9).
-5
Let b(l) = l + 10. Let t(u) = u + 10. Let q(d) = -5*b(d) + 4*t(d). Let m be (-2)/12*12 - -2. Calculate q(m).
-10
Let d(q) = q**3 + 11*q**2 + 11*q + 43. Let s be ((-136)/(-714)*-7)/(4/30). Calculate d(s).
33
Suppose -5*r = 3*q - 26, 5*r + 32 = -q + 54. Let f(y) = -y**2 + 7*y + 2. Calculate f(q).
12
Suppose 3*k = -13 + 19. Let l(r) = r**3 - 31 + 16 + 17 + r**k + 6*r**2. Let b be 0 + (0/2 - 7). What is l(b)?
2
Suppose 2*f = 3*w - 80, w = -f - 0*f + 30. Suppose 0 = 2*q - 5*k + 25, 2*q = 6*k - 2*k - w. Let z be 17 + q + (-6)/2. Let r(t) = -t + 3. What is r(z)?
9
Let s(u) = u**3 - 7*u**2 + 10*u - 7. Let a be (-420)/8*20/6. Let b = a + 245. Let j = -64 + b. Calculate s(j).
17
Suppose 2*c + u = 159, 2*c + 3*c - 2*u = 411. Let o be -7 + 6 + -8 + 87. Let k = o - c. Let v(m) = m**3 + 3*m**2 + 2*m - 1. Give v(k).
-7
Let n(t) = -73 - 10*t + 98 - t**2 - 6*t - 28. Calculate n(-14).
25
Suppose -3*s - x + 3 = -14, s - 9 = -x. Let c(y) = -13 + 3*y + s*y - 6*y - 2*y. Calculate c(0).
-13
Let k = 6226 - 6225. Let j(x) = -x**3 - 4*x**2 - x - 1. Let n be j(-4). Let r(g) = -g + 0*g**3 + 2*g**2 - 5*g**3 - 4*g**n. What is r(k)?
-8
Let t(w) = 10*w - 78. Let p be t(8). Let c(i) = 4*i - 6*i - 4*i - 3*i**p - i + i**3 + 9. Give c(4).
-3
Suppose -15*v + 20*v - 11 = -z, -2*z + 4*v + 8 = 0. Let c(o) = 2*o + 17. What is c(z)?
29
Let s(y) = 311*y**3 - y**2 - 2*y - 1. Let m be s(-1). Let p = m - -306. Let c(i) = -2*i**2 - 5*i + 1. Determine c(p).
-24
Suppose -2*b - 16 - 56 = 0. Let f = 159 + -158. Let o be 47/(-9) + f + (-8)/b. Let v(y) = -y**2 - 5*y - 4. What is v(o)?
0
Let b(u) be the first derivative of 9/2*u**2 + 1/24*u**4 - 14 + 0*u - 7/6*u**3. Let v(c) be the second derivative of b(c). Calculate v(5).
-2
Let n(r) = -9*r**2 - 10*r + 3. Let b(s) be the second derivative of -s**4/6 - s**3/6 - s**2/2 - 220*s. Let x(j) = -4*b(j) + n(j). What is x(-6)?
7
Let g(m) = 2*m**3 - 4*m**3 - 2*m**3 - 929*m - 7*m**2 + 922*m + 3*m**3 - 3. What is g(-7)?
46
Let c(s) be the second derivative of 4*s**3/3 - 257*s**2/2 - 2811*s. Give c(32).
-1
Let z(g) = -g**2 + 2*g. Let c be (9 - 3 - 11)*2/(-10). Let n(f) = 9*f**2 - 9*f - 1. Let t(a) = c*n(a) + 5*z(a). What is t(2)?
17
Let x(h) = 86*h - 220. Let q(a) = -22*a + 53. Let p(y) = -11*q(y) - 3*x(y). What is p(6)?
-19
Let g(k) be the third derivative of 11*k**4/12 + 30*k**3 + 1615*k**2. What is g(-8)?
4
Let s(b) = -80*b - 28*b**3 - 11*b**3 - 21*b**3 + 84*b**3 - 7*b**2 - 25*b**3 - 2 + 85*b. Let y be 8/(-1)*(1 - 0). Calculate s(y).
22
Let y(h) = -h**2 - 9*h + 2. Let b = -24 + 18. Let f be 1/((-20)/b + -3). Suppose -3*k = 4*o + 12, o + 1 - 7 = -f*k. Give y(o).
20
Let x(n) = -n**3 - 6*n**2 - 2*n - 2. Let p(g) = -g**2 + 23*g - 2. Let k be p(22). Let u be (-59)/590 - 118/k. What is x(u)?
10
Let n(k) = -130*k - 907. Let o be n(-7). Let f be (-35)/(-11) - (-2)/(-11). Let g(i) = -6 - i**2 - 1 + 3 + f*i. Calculate g(o).
-4
Let z(v) = -v - 14. Suppose 0 = -282*i + 278*i - l - 44, 55 = -5*i + 4*l. Determine z(i).
-3
Suppose 0 = a + 4, -5*i = 3*a + a + 36. Let c(k) = 5 + 398*k**2 + 397*k**2 - 2*k**3 + 2*k + 404*k**2 - 1195*k**2 + 3*k**3. Calculate c(i).
-3
Let k be (-104)/(-364)*-49 - -9. Let h(w) = -2 - 1 - 4*w + 1. Give h(k).
18
Let x(c) = -13142*c - c**3 + c**2 + 4 + 13141*c + 5. Let u(o) = 2*o**3 - 3*o**2 + 2*o - 8. Let h be u(2). Calculate x(h).
9
Let t(o) be the second derivative of 2*o**3/3 + 65*o**2 - 6921*o. What is t(-29)?
14
Let q(s) = 14*s**3 - s**2 + 1. Let h(g) = g + 3*g - 3*g - 3. Let t(k) = -2*k**2 + 143*k - 208. Let v be t(70). Let n be h(v). Determine q(n).
-14
Suppose -5*v + 1 = -i, i - 20 = 5*i - 4*v. Let u(q) = 7 + q**2 + 1 + 9*q - 2 - 6 + 3. Give u(i).
-15
Suppose -3 = -1555*r + 1554*r. Suppose -z + 4*t - 5 = 0, -11 + 6 = r*z - 2*t. Let g(n) = -3*n - 1. Determine g(z).
2
Let d = 11 - 8. Let m(f) = -f - d + 5 - 3. Let r be ((36/(-27))/(-1) + -2)*2*3. What is m(r)?
3
Suppose -v + 15 = 4*v. Let u(k) = 5*k**3 - 3*k**3 + 9*k**2 + 8 - 8*k - v*k**3. Let w(p) = -p + 9. Let f be w(1). Determine u(f).
8
Let h(j) = j**3 - j**2 - j + 3. Let t be ((-2)/8)/(42/(-116760)). Let b = t + -692. Determine h(b).
18
Let x(z) = 44*z**2 + 3*z - 3. Let k(d) = 241*d**2 + 15*d - 16. Let t(c) = 2*k(c) - 11*x(c). Let i be -3*(4/(-3) + 0). Let p = i - 2. Determine t(p).
-13
Suppose -5*i + 9*c + 6 = 7*c, -2*c = -2*i. Let m(t) = 21*t**2 + 7*t - 11. Determine m(i).
87
Let r(u) = u - 10. Let l be 1/4 - 156/(-16). Let v be r(l). Let f(j) = 126 - j - 107 - j**2 + 4*j**2 - 2*j**2. Calculate f(v).
19
Let h(r) = -r**2 - 42*r - 145. Let a be h(-38). Let y(s) = 2 + 1 - 2*s**2 - a + 3*s**2 + s**3 - 1. Calculate y(0).
-5
Let f = -617 + 612. Let w(b) be the second derivative of -8*b + 5/6*b**3 + 1/12*b**4 + 0 + 5/2*b**2. Determine w(f).
5
Let f(t) = -5*t**2 + 12*t + 26. Let d(r) = -4*r**2 + 10*r + 21. Let o(s) = 6*d(s) - 5*f(s). Suppose 4*n = w - 3*w - 6, 4*w = -12. What is o(n)?
-4
Let q(s) = s**3 + 7*s**2 - 2*s + 15. Let z(u) = 172*u - 1555. Let x be z(9). Determine q(x).
29
Let z(j) = 4*j - 18*j + 19*j + j**2 - 3*j - 4*j - 22. Calculate z(0).
-22
Let m(a) = 3*a + 9. Let j(p) = -2*p - 7. Let s(l) = -4*j(l) - 3*m(l). Let q be -5 + 3 - (3 + -6). Give s(q).
0
Let h(w) = 3*w**2 - 13*w + 28. Let r(m) = 2*m**2 - 7*m + 14. Let d(y) = 2*h(y) - 5*r(y). Determine d(3).
-23
Let j(w) = -6 + 13*w + 13*w - 35*w + 8*w. Give j(-3).
-3
Let v(h) = -h**3 - 5*h**2 - 8*h - 99. Let w be v(-6). Let a(j) = j**2 + 15*j - 5. What is a(w)?
-5
Suppose -2*q - 812 - 173 = -5*p, 0 = 2*p + 3*q - 375. Suppose p*u = 199*u + 4. Let t(s) = 42*s**2 + s + 1. What is t(u)?
42
Let n(h) be the second derivative of 11*h**3/3 - 77*h**2 - 1289*h. Calculate n(6).
-22
Suppose 2*m - 7*f = -24, 0 = -66*m + 65*m - f + 6. Let s(q) be the second derivative of -4/3*q**3 + 1/2*q**m - 8*q + 0. Calculate s(-1).
9
Suppose -2 = -6*p + 10. Suppose -p*o + 11 = -5. Let v be 1*(-1 - o)/(-3). Let g(w) = -2*w - 4. Determine g(v).
-10
Let z(k) be the third derivative of k**5/30 + 5*k**4/2 + 67*k**3/6 + k**2 + 658*k. Calculate z(-29).
9
Let u(a) be the third derivative of a**6/360 - 11*a**5/120 - a**4/24 + 37*a**3/2 - 11*a**2 - 3. Let z(r) be the first derivative of u(r). What is z(11)?
-1
Let i(w) be the first derivative of -w**5/60 + 5*w**4/24 + w**3/6 + w**2/2 - 21*w + 25. Let u(d) be the second derivative of i(d). Calculate u(5).
1
Let q(i) = 16*i**2 - 50*i + 6. Let v = 141 + -143. Let d(y) = 3*y**2 - 10*y + 1. Let s(x) = v*q(x) + 11*d(x). Calculate s(8).
-17
Let l(k) be the third derivative of k**4/4 + 103*k**3/3 + 2*k**2 - 2*k + 205. What is l(-34)?
2
Let k(r) be the first derivative of 60 + 1/2*r**2 + 0*r. Determine k(-2).
-2
Suppose 15 = -m - 4*m. Let o(u) = -u**2 + u - 1. Let y(i) = -4*i**2 - 3. Let z(c) = 3*o(c) - y(c). What is z(m)?
0
Let h(k) = k + 3. Let f(o) = -3*o - 3. Let d(l) = f(l) + 4*h(l). Determine d(-5).
4
Let h = -3 - -5. Let f(d) = d**2 + 2*d**h - 6*d**2 - 1 + 3*d. Let c be 16 - -1 - 3332/238. Determine f(c).
-19
Let w(s) be the first derivative of -s**2 - 5*s + 1250. Determine w(-3).
1
Suppose 46*y + 21*y - 67 = 0. Let b(g) = -39*g**3 - 2*g**2 + 2*g. Calculate b(y).
-39
Suppose -4*p = 163 - 167. Let f(h) = -8*h + 5. Let t(s) = -1. Let m(u) = p*f(u) + 4*t(u). Give m(1).
-7
Let x(f) = -6 - 4 + 10 - f - f**3 - 5 - 8*f**2 - 16*f. What is x(-2)?
5
Let j be (2 + (-4)/(-8))*48/5. Let c(o) = -o**2 + 26*o - 30. What is c(j)?
18
Let l(d) = -d - 2. Let c(p) = -3*p**3 - 70*p**2 + 54*p - 34. Let i(t) = -c(t) - 8*l(t). Determine i(-24).
2
Let d = 148 - 144. Suppose -2*m + 3*k + 16 = 3, 0 = -m - d*k + 1. Let h(b) = -b**3 + 3*b**2 + 4*b - 3. Give h(m).
-33
Suppose 0*v + v - 7 = -r, -3*r = 4*v - 26. Suppose -4 - 2 = -r*o. Suppose 0*u + u = 4*w + 13, 0 = -o*u + 3. Let k(i) = 2*i**2 + 5*i + 3. Calculate k(w).
6
Suppose 2*z + 2*p - 6 = 0, 2 + 3 = 5*p. Le